{"id":581,"date":"2025-03-09T13:05:09","date_gmt":"2025-03-09T12:05:09","guid":{"rendered":"https:\/\/andernos-osteopathe.fr\/?page_id=581"},"modified":"2025-03-16T20:21:45","modified_gmt":"2025-03-16T19:21:45","slug":"osteo-femme-enceinte","status":"publish","type":"page","link":"https:\/\/andernos-osteopathe.fr\/?page_id=581","title":{"rendered":"Ost\u00e9o &#038; femme enceinte"},"content":{"rendered":"\n<div class=\"wp-block-columns is-layout-flex wp-container-core-columns-is-layout-9d6595d7 wp-block-columns-is-layout-flex\">\n<div class=\"wp-block-column is-layout-flow wp-block-column-is-layout-flow\">\n<div class=\"wp-block-columns is-layout-flex wp-container-core-columns-is-layout-9d6595d7 wp-block-columns-is-layout-flex\">\n<div class=\"wp-block-column is-layout-flow wp-block-column-is-layout-flow\">\n<figure class=\"wp-block-image size-full is-resized grossesse ost\u00e9opathie andernos audenge\" id=\"grossesseost\u00e9opathe\"><img loading=\"lazy\" decoding=\"async\" width=\"467\" height=\"650\" src=\"https:\/\/andernos-osteopathe.fr\/wp-content\/uploads\/2023\/11\/bidou.webp\" alt=\"\" class=\"wp-image-39\" style=\"width:304px;height:auto\" title=\"grossesse ost\u00e9opathie andernos audenge\" srcset=\"https:\/\/andernos-osteopathe.fr\/wp-content\/uploads\/2023\/11\/bidou.webp 467w, https:\/\/andernos-osteopathe.fr\/wp-content\/uploads\/2023\/11\/bidou-216x300.webp 216w\" sizes=\"auto, (max-width: 467px) 100vw, 467px\" \/><\/figure>\n<\/div>\n\n\n\n<div class=\"wp-block-column is-layout-flow wp-block-column-is-layout-flow\">\n<p class=\"has-small-font-size\">La gestation d&rsquo;un petit \u00eatre humain demande beaucoup d\u2019\u00e9nergie \u00e0 la maman. Les bouleversements hormonaux, les changements de posture la prise de poids sont autant d&rsquo;\u00e9l\u00e9ments qui vont r\u00e9clamer une grande adaptation du corps de la femme.<\/p>\n\n\n\n<p class=\"has-small-font-size\">Une consultation d&rsquo;ost\u00e9opathie pour chaque trimestre est recommand\u00e9 pendant la grossesse. Je propose de faire la s\u00e9ance pr\u00e9natal avec le papa afin de transmettre quelques massages et manipulations douces pour que papa puisse \u00eatre acteur au soutient de maman et b\u00e9b\u00e9.<\/p>\n<\/div>\n<\/div>\n<\/div>\n<\/div>\n\n\n\n<h2 class=\"wp-block-heading has-pale-pink-color has-text-color has-link-color has-medium-font-size wp-elements-28f786098889da1144517189fb90398b\">Accompagnement du 1er trimestre de grossesse.<\/h2>\n\n\n\n<p class=\"has-small-font-size\">C&rsquo;est le trimestre le plus fatigant due au chamboulement hormonal. L&rsquo;id\u00e9ale est d&rsquo;attendre la 12\u00e8me semaine am\u00e9norrh\u00e9e, une fois la premi\u00e8re \u00e9chographie  pass\u00e9e. On va pouvoir soulager les naus\u00e9e, la constipation, les tiraillements en bas du ventre.<\/p>\n\n\n\n<h2 class=\"wp-block-heading has-pale-pink-color has-text-color has-link-color has-medium-font-size wp-elements-087b700b3352f8a806c5075cd282fd71\">2eme trimestre de grossesse .<\/h2>\n\n\n\n<p class=\"has-small-font-size\">L&#8217;embryon s&rsquo;est install\u00e9 et les premiers contacts sensitifs vont se faire entre m\u00e8re et enfant. C&rsquo;est le d\u00e9but de la rencontre et les d\u00e9sagr\u00e9ments du premier trimestre ce sont adoucis. <\/p>\n\n\n\n<p class=\"has-small-font-size\">L&rsquo;Ost\u00e9opathie pourra soulager les douleurs de sciatique \u00e0 l&rsquo;aide d&rsquo;\u00e9tirements musculaires et en r\u00e9\u00e9quilibrant la posture. Par des mobilisations douces l&rsquo;ost\u00e9opathie permet de diminuer les contractions ut\u00e9rines et les tiraillement dues \u00e0 l\u2019extension des ligaments ut\u00e9ro sacr\u00e9 et ronds.<\/p>\n\n\n\n<p class=\"has-small-font-size\">Si le b\u00e9b\u00e9 est en si\u00e8ge, en redonnant de la mobilit\u00e9 au niveau des c\u00f4tes et du diaphragme, on offrira un peu place pour que b\u00e9b\u00e9 puisse se retourner. Le rel\u00e2chement des tensions  au niveau de ce m\u00eame espace permettra de diminuer les acidit\u00e9s gastrique. En accompagnement la position de l\u2019ut\u00e9rus avec moins de tensions au niveau des muscles, on pourra calmer les contractions ainsi que les fuites ou les sensations intempestives d&rsquo;envie d&rsquo;uriner. <\/p>\n\n\n\n<p class=\"has-small-font-size\"><\/p>\n\n\n\n<h2 class=\"wp-block-heading has-pale-pink-color has-text-color has-link-color has-medium-font-size wp-elements-b535e790ff29f99fa4483d515fc1dbd3\">3em trimestre de grossesse<\/h2>\n\n\n\n<p class=\"has-small-font-size\">L&rsquo;ut\u00e9rus a atteint sa taille maximal passant de la figue \u00e0 la past\u00e8que. Ce poids et les modifications de posture entrainent des douleurs lombaire dorsales sciatique&#8230; l&rsquo;appuie sur l&rsquo;estomac et l\u2019\u00e9lasticit\u00e9 du clapet (hormonal) peut d\u00e9clencher de l&rsquo;acidit\u00e9 gastrique, de l&rsquo;essoufflement. Le poids sur le p\u00e9rin\u00e9e peut cr\u00e9er des douleurs coccygienne ou pubienne. En ajustant les diff\u00e9rentes tensions on va pouvoir apporter un certain soulagement.<\/p>\n\n\n\n<h2 class=\"wp-block-heading has-pale-pink-color has-text-color has-link-color has-medium-font-size wp-elements-93c483eceffeb6e6d79a5d4e885f5ce7\">Pr\u00e9paration \u00e0 l&rsquo;accouchement<\/h2>\n\n\n\n<p class=\"has-small-font-size\">Cette derni\u00e8re consultation permet de rencontrer le couple avec le papa et d&rsquo;offrir un espace d&rsquo;\u00e9coute . Le papa \u00e9tant souvent mis de cot\u00e9 tout au long de cette p\u00e9riode, ce moment permet r\u00e9pondre \u00e0 ses questions, de rassurer le couple et de verbaliser qu&rsquo;elle place il souhaite prendre pendant le pr\u00e9travail le travail et la naissance de son enfant.<\/p>\n\n\n\n<p class=\"has-small-font-size\">En tant qu&rsquo;Ost\u00e9opathe je propose aussi au papa des mobilisations simples \u00e0 prodiguer \u00e0 la maman pendant le pr\u00e9travail et le travail pour l&rsquo;aider \u00e0 g\u00e9rer la douleur. Je donne aussi quelques pistes pour comprendre la biom\u00e9canique de l&rsquo;accouchement.<\/p>\n\n\n\n<p class=\"has-small-font-size\">.<\/p>\n\n\n\n<figure class=\"wp-block-image size-full osteopathe femme enceinte andernos audenge\" id=\"osteopathe-grossesse\"><img loading=\"lazy\" decoding=\"async\" width=\"851\" height=\"627\" src=\"https:\/\/andernos-osteopathe.fr\/wp-content\/uploads\/2023\/11\/Capture-decran-2023-09-29-142355.png\" alt=\"\" class=\"wp-image-38\" title=\"ost\u00e9opathie p\u00e9rinatal andernos audenge\" srcset=\"https:\/\/andernos-osteopathe.fr\/wp-content\/uploads\/2023\/11\/Capture-decran-2023-09-29-142355.png 851w, https:\/\/andernos-osteopathe.fr\/wp-content\/uploads\/2023\/11\/Capture-decran-2023-09-29-142355-300x221.png 300w, https:\/\/andernos-osteopathe.fr\/wp-content\/uploads\/2023\/11\/Capture-decran-2023-09-29-142355-768x566.png 768w\" sizes=\"auto, (max-width: 851px) 100vw, 851px\" \/><\/figure>\n","protected":false},"excerpt":{"rendered":"<p>La gestation d&rsquo;un petit \u00eatre humain demande beaucoup d\u2019\u00e9nergie \u00e0 la maman. Les bouleversements hormonaux, les changements de posture la prise de poids sont autant d&rsquo;\u00e9l\u00e9ments qui vont r\u00e9clamer une &hellip; <\/p>\n","protected":false},"author":1,"featured_media":0,"parent":0,"menu_order":0,"comment_status":"closed","ping_status":"closed","template":"","meta":{"_themeisle_gutenberg_block_has_review":false,"footnotes":""},"class_list":["post-581","page","type-page","status-publish","hentry"],"_links":{"self":[{"href":"https:\/\/andernos-osteopathe.fr\/index.php?rest_route=\/wp\/v2\/pages\/581","targetHints":{"allow":["GET"]}}],"collection":[{"href":"https:\/\/andernos-osteopathe.fr\/index.php?rest_route=\/wp\/v2\/pages"}],"about":[{"href":"https:\/\/andernos-osteopathe.fr\/index.php?rest_route=\/wp\/v2\/types\/page"}],"author":[{"embeddable":true,"href":"https:\/\/andernos-osteopathe.fr\/index.php?rest_route=\/wp\/v2\/users\/1"}],"replies":[{"embeddable":true,"href":"https:\/\/andernos-osteopathe.fr\/index.php?rest_route=%2Fwp%2Fv2%2Fcomments&post=581"}],"version-history":[{"count":15,"href":"https:\/\/andernos-osteopathe.fr\/index.php?rest_route=\/wp\/v2\/pages\/581\/revisions"}],"predecessor-version":[{"id":865,"href":"https:\/\/andernos-osteopathe.fr\/index.php?rest_route=\/wp\/v2\/pages\/581\/revisions\/865"}],"wp:attachment":[{"href":"https:\/\/andernos-osteopathe.fr\/index.php?rest_route=%2Fwp%2Fv2%2Fmedia&parent=581"}],"curies":[{"name":"wp","href":"https:\/\/api.w.org\/{rel}","templated":true}]}}